8 (base 11) in base 4?
-3110112013
612846 (base 9) to base 6
11440323
Convert -15055113 (base 7) to base 8.
-5340237
What is 52116356 (base 7) in base 6?
233432055
What is 1362b1 (base 12) in base 3?
121100110121
Convert 11101001111100100001 (base 2) to base 12.
3a2655
What is 3a885ba (base 12) in base 8?
54264536
e7ba (base 15) to base 4
23331220
What is 441220024 (base 6) in base 10?
7903024
What is 80 (base 10) in base 7?
143
1230424333 (base 5) to base 11
1758273
What is -a07a86 (base 13) in base 9?
-7014665
What is 8590d0 (base 14) in base 12?
161b592
Convert -22001111011 (base 3) to base 15.
-31e9d
Convert 1000000001010100011010 (base 2) to base 8.
10012432
Convert -1010001100110110000110 (base 2) to base 16.
-28cd86
Convert 11022210220110 (base 3) to base 9.
4283813
-11000102020 (base 3) to base 15
-18640
Convert 291f17 (base 16) to base 7.
31622645
What is -2e53d9 (base 15) in base 8?
-10441206
-2ba0ee (base 16) to base 13
-791580
What is 1205121 (base 7) in base 4?
211113102
What is 14111344 (base 5) in base 15?
2cc9e
-317714 (base 10) to base 3
-121010211012
-2230332232 (base 5) to base 13
-10396c7
125101504 (base 6) to base 11
1444a74
254240003 (base 6) to base 4
102330132003
Convert -6b0936 (base 16) to base 15.
-938675
Convert d6bba (base 15) to base 6.
22332521
Convert -44430131 (base 5) to base 10.
-389416
What is -3ea3d (base 16) in base 15?
-5104d
163260 (base 7) to base 14
bb30
Convert -154916 (base 10) to base 14.
-40656
Convert -193bb (base 12) to base 4.
-20333333
Convert -2c94174 (base 13) to base 2.
-110110110101100101000011
What is 40527 (base 14) in base 9?
255155
Convert -2c2004 (base 14) to base 13.
-41cc07
Convert 723763 (base 9) to base 15.
872d6
2203421 (base 7) to base 14
70648
7277341 (base 9) to base 5
1443430440
What is 1132123003 (base 4) in base 5?
44334010
What is -ab0331 (base 12) in base 8?
-12272325
Convert 313175 (base 11) to base 6.
14432010
What is 1200022012 (base 3) in base 11?
228a4
-17424727 (base 8) to base 14
-78095d
Convert -211220122 (base 5) to base 14.
-18d8a5
Convert -d9128 (base 14) to base 5.
-113234321
What is 79a4 (base 12) in base 11?
a178
Convert 1210221111121 (base 3) to base 8.
3531460
-1232343 (base 9) to base 10
-670962
63694 (base 15) to base 5
40042424
Convert -10233023 (base 4) to base 11.
-1363a
47784 (base 14) to base 15
369e0
What is 1113342 (base 6) in base 5?
3302020
Convert 14764516 (base 8) to base 7.
40626356
-112102022212 (base 3) to base 15
-59165
-1425992 (base 11) to base 5
-1111443032
Convert 23646425 (base 9) to base 3.
210201120110212
-253462 (base 7) to base 6
-1001024
2532544 (base 6) to base 4
201120100
What is -285679 (base 13) in base 7?
-11233252
50323502 (base 6) to base 2
101011100001111111110
3223454 (base 8) to base 3
1121210102210
11504264 (base 7) to base 11
641453
Convert 2121122022 (base 3) to base 13.
1a594
What is 2214130 (base 5) in base 2?
1001011100001001
What is 73682 (base 16) in base 8?
1633202
Convert -b0b26 (base 15) to base 4.
-2020210122
What is 67127 (base 9) in base 5?
2411300
What is -11333335 (base 8) in base 12?
-9b2425
What is -31413 (base 7) in base 14?
-2b7a
629a9 (base 15) to base 3
120212220220
3221310 (base 4) to base 3
202112020
What is -14239 (base 12) in base 3?
-1102101100
What is -206f4 (base 16) in base 11?
-908a5
Convert 1130033130 (base 4) to base 3.
201012021100
What is -28b15 (base 12) in base 5?
-3310042
Convert 2033778 (base 12) to base 11.
3456318
Convert -751550 (base 11) to base 14.
-234369
-2401245 (base 6) to base 3
-20100002202
Convert 3160c (base 15) to base 8.
461704
What is -ab475 (base 13) in base 14?
-81261
Convert -11011001000110010 (base 2) to base 6.
-2214334
Convert -122210012 (base 4) to base 3.
-12112020212
Convert -5701 (base 10) to base 16.
-1645
Convert 27343a2 (base 12) to base 7.
123105215
-271455 (base 8) to base 15
-1d24b
Convert -212000000101 (base 3) to base 10.
-452719
3020202333 (base 4) to base 9
1481720
Convert 2d3ae (base 16) to base 8.
551656
Convert 4656378 (base 9) to base 2.
1001100110101000101111
-10110111010110010001001 (base 2) to base 12
-20189a1
Convert -11111011010001011000 (base 2) to base 5.
-230413313
103023001 (base 4) to base 8
231301
What is 22001120202 (base 3) in base 11?
a9199
Convert 25a587 (base 13) to base 3.
1201010222101
Convert -1342624 (base 7) to base 15.
-37e17
What is -4435164 (base 8) in base 7?
-13103556
310140240 (base 6) to base 15
704c10
200102212222 (base 3) to base 16
589d0
Convert 164a0 (base 15) to base 9.
118586
-200293 (base 16) to base 8
-10001223
What is -1c6ccc (base 14) in base 11?
-635774
1101001010100111 (base 2) to base 5
3211202
-2020022 (base 3) to base 13
-983
What is 31012556 (base 7) in base 4?
21320232203
What is -5c5e8 (base 15) in base 7?
-2335652
Convert 300100123 (base 4) to base 11.
125560
-19ed43 (base 15) to base 6
-43041330
-1114361 (base 9) to base 11
-37aa96
Convert dc5ca (base 15) to base 12.
299084
Convert -54656 (base 9) to base 5.
-2130013
What is 204121 (base 5) in base 13?
3120
What is -30231231120 (base 4) in base 16?
-32db58
411c1 (base 15) to base 9
343861
Convert -2133164 (base 9) to base 8.
-4272204
-3080a8 (base 12) to base 9
-1378122
What is 35371 (base 16) in base 13?
7829b
Convert 2210211000 (base 3) to base 9.
83730
Convert 548571 (base 11) to base 4.
3111222032
Convert 121222313003 (base 4) to base 5.
3210313110
What is -1676 (base 8) in base 5?
-12313
Convert -254665 (base 10) to base 4.
-332023021
-111111111110000000100 (base 2) to base 11
-1201945
Convert 3543610 (base 7) to base 15.
8cab1
Convert 402705 (base 14) to base 16.
20ee51
Convert 1021110121221 (base 3) to base 14.
139351
2105628 (base 11) to base 4
32022021200
What is -2000000111 (base 3) in base 7?
-222544
Convert -301212032203 (base 4) to base 5.
-11312023020
Convert 16044 (base 10) to base 6.
202140
261150 (base 7) to base 13
19089
120001221102000 (base 3) to base 11
4580995
Convert -1011001100000001000110 (base 2) to base 7.
-33633312
-128a04 (base 12) to base 6
-10314404
14651256 (base 7) to base 12
57a610
What is 111110100111001010101000 (base 2) in base 6?
1343443424
Convert -453648 (base 10) to base 16.
-6ec10
Convert -10202012211 (base 3) to base 4.
-102000322
245226 (base 7) to base 14
125bd
What is dc92 (base 14) in base 8?
112410
What is -533365 (base 8) in base 13?
-62c94
Convert 10dc058 (base 14) to base 6.
444443502
-244133121 (base 5) to base 14
-2234bb
Convert -4a9b09 (base 12) to base 4.
-10221303321
What is -73438 (base 10) in base 6?
-1323554
What is 101010211202 (base 3) in base 7?
1461005
20d04 (base 14) to base 10
79384
Convert -122411 (base 7) to base 10.
-22499
Convert -39019 (base 12) to base 15.
-180a6
What is -116173 (base 9) in base 8?
-210763
-117771 (base 10) to base 4
-130300023
-350024 (base 7) to base 14
-18a84
-23526 (base 9) to base 11
-10908
Convert 281166 (base 12) to base 13.
1a3bb6
What is 7000120 (base 9) in base 4?
32030033322
What is -bce (base 15) in base 6?
-20205
Convert 582278 (base 9) to base 10.
349424
1340130 (base 9) to base 14
151b9a
-588907 (base 11) to base 16
-e40ef
104203203 (base 5) to base 11
294503
What is 110022122100212 (base 3) in base 10?
6547415
What is -100633b (base 12) in base 14?
-5801d5
Convert 112010211021 (base 3) to base 12.
1150ba
170a36 (base 14) to base 7
6605566
Convert ea2730 (base 15) to base 6.
1034521130
131031020 (base 6) to base 15
35b816
Convert -11120221100 (base 3) to base 10.
-90351
What is -2121020201 (base 3) in base 12?
-25777
Convert 192859a (base 15) to base 10.
18354520
Convert 7656737 (base 10) to base 16.
74d521
25e93 (base 15) to base 3
20011112210
-1d36e2 (base 15) to base 14
-292bab
What is -883c6 (base 13) in base 5?
-30343413
Convert -22223010 (base 4) to base 3.
-2012222010
2301120144 (base 5) to base 15
6aa884
-211333002 (base 4) to base 10
-155586
121213131312 (base 4) to base 11
38772a7
Convert 35220334 (base 6) to base 7.
12163546
What is -aca27 (base 13) in base 2?
-1001100100101100001
-400233013 (base 5) to base 10
-1571008
-3120002423 (base 5) to base 2
-11000011100000111010101
12441043 (base 5) to base 2
11110011001101011
What is -416243 (base 9) in base 6?
-5145020
Convert 100302212 (base 5) to base 4.
1201232303
27607576 (base 8)